 what is -12526 + -465654?
-511513
In base 16, what is d52182 + a?
d5218c
In base 8, what is -311275 + 57?
-311216
In base 5, what is 234240141320 - 3?
234240141312
In base 15, what is 51a - -21a13?
2202d
In base 5, what is -12 - -204311121?
204311104
In base 11, what is -2597799 + -8?
-25977a6
In base 2, what is -100101000101101101 - 1000101110?
-100101001110011011
In base 10, what is -13 + -666976?
-666989
In base 9, what is -84777514 + -6?
-84777521
In base 4, what is -11332213302 + 10213?
-11332203023
In base 6, what is -1455413151 - 40?
-1455413231
In base 14, what is -1288c1 + 4?
-1288bb
In base 13, what is 4b6408b - 4?
4b64087
In base 11, what is 14068709 + 6?
14068714
In base 4, what is 11 + 110133000311?
110133000322
In base 5, what is -111401130 + 14?
-111401111
In base 13, what is 13 - -4244?
4257
In base 9, what is 1081 - 112044?
-110853
In base 16, what is -5 - -197ab?
197a6
In base 12, what is 4a - 37286?
-37238
In base 10, what is -24 + 2748528?
2748504
In base 8, what is 633 + 13322?
14155
In base 9, what is 758 - 1862?
-1103
In base 5, what is 332331023 - -1031?
332332104
In base 11, what is -4 - 574139?
-574142
In base 10, what is -22 + 1473534?
1473512
In base 3, what is 11001201211101112 - -2?
11001201211101121
In base 2, what is -10110100110111011001001010 + 11?
-10110100110111011001000111
In base 2, what is -111111 + 100001001111011001?
100001001110011010
In base 9, what is 674 + -10430?
-8645
In base 8, what is 11540 + 237610?
251350
In base 11, what is -20881 - -4251?
-17630
In base 13, what is 35 - 68a90?
-68a58
In base 8, what is -27 + -152220?
-152247
In base 9, what is -5 + -480552100?
-480552105
In base 9, what is -2146 - -24630?
22473
In base 12, what is -54637 - -106?
-54531
In base 10, what is -73108985 + -1?
-73108986
In base 5, what is 20313 + 21233?
42101
In base 3, what is 11201 - -122010021121?
122010110022
In base 6, what is -1351530511 - 2?
-1351530513
In base 10, what is -398 - -13524?
13126
In base 14, what is 71 - -d14b22?
d14b93
In base 4, what is -20 - -101012222300?
101012222220
In base 10, what is 1087 + 8156?
9243
In base 13, what is 1 + 1a7785a8?
1a7785a9
In base 9, what is -22 - -221123?
221101
In base 11, what is 34a666 - 67?
34a5aa
In base 5, what is 1341230 - -2224?
1344004
In base 16, what is -1eb430 + 0?
-1eb430
In base 10, what is -137712129 - 11?
-137712140
In base 8, what is -10537 - 242407?
-253146
In base 16, what is -af4 - 5b7e?
-6672
In base 10, what is 0 + -2179285?
-2179285
In base 5, what is 2 + -422004323003?
-422004323001
In base 11, what is -94542 - -6404?
-89139
In base 14, what is 85a5 - -6d?
8634
In base 9, what is -123 - 3513413?
-3513536
In base 15, what is -4 + 3ecb21?
3ecb1c
In base 8, what is -7 - -24273665?
24273656
In base 5, what is 420334433 - 142?
420334241
In base 10, what is 2179 + 161?
2340
In base 4, what is -200 + -10030033232?
-10030100032
In base 14, what is -12c9 + 13?
-12b6
In base 12, what is -1245 + 37490?
36247
In base 3, what is 101122102101 + 11002?
101122120110
In base 5, what is 1033341214 - 24?
1033341140
In base 11, what is -12777a - 990?
-12865a
In base 10, what is -2685231 - 2?
-2685233
In base 10, what is -918 + -14628?
-15546
In base 4, what is -1023031133013321 + 1?
-1023031133013320
In base 12, what is 2320694 + 23?
23206b7
In base 14, what is -10d2 - 3b5b?
-4c4d
In base 6, what is 14555555 + 1554?
15001553
In base 15, what is -338000 - -170?
-337d80
In base 12, what is 4989164 - 2?
4989162
In base 9, what is 311320054 + -4?
311320050
In base 11, what is 10639002 + 3?
10639005
In base 3, what is -221211 + -10101000201221?
-10101001200202
In base 3, what is -12 + -110111021012000?
-110111021012012
In base 9, what is 688 - -37820?
38618
In base 9, what is -4 - 57065851?
-57065855
In base 4, what is -10 - 32112201?
-32112211
In base 14, what is 701 - -2706?
3007
In base 5, what is 10 + -11220131034?
-11220131024
In base 16, what is 43d955 + 70?
43d9c5
In base 3, what is -12100000200 - 2010?
-12100002210
In base 13, what is -8058 - 1269?
-92c4
In base 10, what is -7 - -5466248?
5466241
In base 14, what is 3 - 9857dc?
-9857d9
In base 9, what is -202 - -445428?
445226
In base 4, what is 23110030 - -31010?
23201100
In base 7, what is -25 + -21145162?
-21145220
In base 15, what is -1e6e - 60c7?
-8046
In base 5, what is -24341 + -42421?
-122312
In base 16, what is 4 + -4c7b8a0?
-4c7b89c
In base 12, what is -6734b + -7b0?
-67b3b
In base 2, what is 100111111 - -110000000011101001101?
110000000100010001100
In base 10, what is 74020504 - -4?
74020508
In base 15, what is -16 - -72ca3?
72c8c
In base 16, what is 155 + -95b0?
-945b
In base 3, what is -111 - -112021211021000?
112021211020112
In base 3, what is -2121212011012000 + -11?
-2121212011012011
In base 5, what is 2 - -23032103034?
23032103041
In base 12, what is -2b7a4b8 + 1?
-2b7a4b7
In base 8, what is -70617 - -627?
-67770
In base 14, what is -5 + 501cd1b?
501cd16
In base 3, what is 12221 + 21021201210?
21021221201
In base 14, what is -ca46 + 239?
-c80b
In base 8, what is 120362 + -247?
120113
In base 5, what is 212434 - -24310?
242244
In base 7, what is 1 + -35566214?
-35566213
In base 9, what is 3550502 + 150?
3550652
In base 7, what is 24 - 1110321?
-1110264
In base 16, what is -4 + -1d82b4?
-1d82b8
In base 9, what is -70022 - 113?
-70135
In base 3, what is 101 - -20222011201120011?
20222011201120112
In base 8, what is -2511421 + -42?
-2511463
In base 3, what is -100 - 100100011120100?
-100100011120200
In base 9, what is 2272 - -123372?
125654
In base 12, what is -6bb4700 - 3?
-6bb4703
In base 2, what is 1 - 11110000011101000100010?
-11110000011101000100001
In base 5, what is -143314233 + -10013?
-143324301
In base 8, what is 1 - 2672225?
-2672224
In base 6, what is 351 + -310235?
-305444
In base 12, what is -b + 3341b3?
3341a4
In base 5, what is 10012110441 - 3?
10012110433
In base 13, what is 767233 + 2?
767235
In base 10, what is 184 - -250609?
250793
In base 5, what is -1313442323 + -101?
-1313442424
In base 11, what is -4 - 21151865?
-21151869
In base 4, what is 321 - -312321333132?
312322000113
In base 11, what is 5722740 - -1?
5722741
In base 16, what is 57 - 1765?
-170e
In base 7, what is 4 + -2546220?
-2546213
In base 10, what is -363090 - 75?
-363165
In base 6, what is -12 + 40244520?
40244504
In base 15, what is -73706 + -17?
-7371d
In base 8, what is 71274 + 1467?
72763
In base 6, what is -1 + 11441203320?
11441203315
In base 16, what is -640f + 12e?
-62e1
In base 8, what is -5067757 - 3?
-5067762
In base 16, what is -6f5 + 4392?
3c9d
In base 8, what is -5 + -26212557?
-26212564
In base 11, what is -1a + -87524?
-87543
In base 7, what is 0 + 1042601121?
1042601121
In base 13, what is -2a80177 - -46?
-2a80131
In base 6, what is -5 - 2550450450?
-2550450455
In base 7, what is 303105 - -6630?
313035
In base 5, what is -232 + -303022443?
-303023230
In base 7, what is -11 + -122350504?
-122350515
In base 9, what is 7254642 - -1?
7254643
In base 13, what is -93 + 7a824?
7a761
In base 6, what is -54025 + 110544?
12515
In base 10, what is -68 - 1989831?
-1989899
In base 14, what is -19 + 8c05?
8bca
In base 16, what is -b1c + 1ba95?
1af79
In base 7, what is 2 + -106540301?
-106540266
In base 9, what is 663 + -21844?
-21171
In base 15, what is 1120a - 2ab?
10e4e
In base 12, what is -7aa0a53 - -5?
-7aa0a4a
In base 2, what is 1111110 + -10110000010000000111?
-10110000001110001001
In base 7, what is -234 - 103101?
-103335
In base 13, what is 2a3066 - -166?
2a31cc
In base 7, what is -11 + -546400351?
-546400362
In base 3, what is -2020201001112 + 211002?
-2020200020110
In base 16, what is 1 + ad3881?
ad3882
In base 11, what is -1 - 62268689?
-6226868a
In base 7, what is -44453 + -316?
-45102
In base 10, what is 1597072 + 4?
1597076
In base 15, what is 4 - -42003c?
420041
In base 7, what is 3 - 30326013?
-30326010
In base 3, what is -120102120011011 - 0?
-120102120011011
In base 7, what is -516465 - 35212?
-555010
In base 4, what is 1003331 + 3203213?
10213210
In base 13, what is -87 + -27347b?
-273535
In base 12, what is 392b1341 - -1?
392b1342
In base 13, what is 8 + 2cc480?
2cc488
In base 5, what is 1 + 204211332334?
204211332340
In base 5, what is 2310040 + -102112?
2202423
In base 2, what 